e highest common divisor of 2249298 and 155?
31
What is the highest common divisor of 30540 and 180?
60
Calculate the greatest common factor of 22 and 980298.
22
Calculate the greatest common divisor of 12221 and 143.
11
What is the greatest common factor of 112710 and 750?
30
What is the highest common factor of 4488 and 3828?
132
What is the greatest common factor of 78 and 2430584?
26
What is the greatest common factor of 52568 and 128?
8
Calculate the greatest common divisor of 2272 and 249352.
568
What is the greatest common factor of 1488 and 30256?
496
Calculate the greatest common divisor of 31540 and 3040.
380
What is the highest common factor of 806 and 761267?
403
Calculate the greatest common factor of 152 and 976.
8
What is the highest common factor of 34734 and 210?
42
Calculate the greatest common divisor of 40696 and 24.
8
Calculate the greatest common divisor of 28 and 431356.
4
What is the highest common divisor of 3074 and 289910?
106
What is the greatest common divisor of 28689 and 29868?
393
What is the greatest common factor of 3432 and 69927?
429
What is the highest common divisor of 417 and 226570?
139
What is the highest common divisor of 20848 and 32?
16
Calculate the greatest common divisor of 3592 and 400.
8
What is the greatest common divisor of 97 and 264907?
97
Calculate the greatest common divisor of 26 and 4102800.
26
What is the highest common divisor of 57278 and 1183?
13
Calculate the highest common divisor of 724696 and 56.
56
Calculate the greatest common divisor of 2 and 5460002.
2
What is the greatest common factor of 88906 and 4?
2
What is the greatest common factor of 784 and 75782?
14
What is the greatest common divisor of 15 and 3499845?
15
What is the greatest common divisor of 4292 and 3364?
116
Calculate the highest common factor of 822967 and 277.
277
Calculate the greatest common divisor of 25402 and 1508488.
1954
Calculate the greatest common divisor of 6 and 1882.
2
Calculate the greatest common divisor of 184712 and 264.
88
What is the highest common divisor of 49 and 232995?
49
Calculate the highest common factor of 58 and 3187825.
29
What is the greatest common factor of 76 and 250781?
19
What is the highest common factor of 2176 and 1411?
17
Calculate the highest common divisor of 2 and 58447.
1
What is the highest common divisor of 155771 and 196?
49
What is the greatest common factor of 111891 and 3705?
741
What is the highest common divisor of 46793 and 292?
73
Calculate the greatest common factor of 3399 and 6468.
33
Calculate the highest common divisor of 1455 and 259863.
291
Calculate the highest common factor of 2610 and 104778.
18
Calculate the highest common factor of 259710 and 176.
22
Calculate the greatest common factor of 21869 and 95.
19
What is the highest common factor of 26 and 2023723?
13
What is the highest common divisor of 2728026 and 756?
378
Calculate the highest common divisor of 1602 and 3969.
9
Calculate the highest common divisor of 13078 and 182.
26
Calculate the greatest common divisor of 350 and 3550.
50
Calculate the highest common divisor of 237976 and 5889.
151
Calculate the greatest common factor of 12 and 3897.
3
What is the greatest common divisor of 3144 and 48?
24
What is the highest common divisor of 77 and 1621466?
77
Calculate the highest common factor of 43715 and 24535.
35
Calculate the greatest common factor of 80850 and 5900.
50
What is the highest common factor of 783798 and 6?
6
Calculate the greatest common factor of 57574 and 66.
22
What is the highest common factor of 67639 and 55?
11
What is the highest common divisor of 210933 and 46?
23
What is the greatest common factor of 11 and 691361?
11
Calculate the greatest common factor of 931 and 1273.
19
Calculate the highest common divisor of 108974 and 3914.
206
What is the greatest common divisor of 6364 and 4988?
172
Calculate the greatest common divisor of 446319 and 1818.
909
What is the highest common divisor of 34786 and 9?
1
What is the greatest common divisor of 283382 and 4598?
242
What is the greatest common factor of 118 and 252?
2
Calculate the highest common divisor of 36 and 138978.
18
What is the highest common divisor of 1953 and 84?
21
What is the greatest common divisor of 1101600 and 180?
180
Calculate the highest common factor of 366 and 13728.
6
What is the greatest common factor of 712 and 776?
8
What is the greatest common factor of 882 and 108633?
147
Calculate the greatest common factor of 232 and 609464.
232
Calculate the greatest common factor of 10125 and 108.
27
What is the highest common factor of 556277 and 1002?
167
Calculate the highest common divisor of 3204015 and 75.
15
Calculate the highest common divisor of 861003 and 117.
117
Calculate the highest common divisor of 1717 and 116671.
17
What is the highest common divisor of 19872 and 2052?
108
What is the greatest common divisor of 774 and 561537?
387
What is the greatest common factor of 80 and 342208?
16
Calculate the greatest common factor of 4732 and 294.
14
Calculate the highest common factor of 10257 and 39.
39
What is the greatest common factor of 11247 and 276?
69
What is the highest common factor of 7 and 42049?
7
Calculate the highest common divisor of 830 and 29963.
83
Calculate the greatest common divisor of 3081 and 975.
39
Calculate the highest common divisor of 493 and 2771.
17
Calculate the highest common factor of 176 and 567094.
22
What is the highest common divisor of 847 and 91?
7
What is the greatest common factor of 9861 and 12084?
57
Calculate the greatest common divisor of 236037 and 44137.
1919
What is the highest common divisor of 2056 and 565914?
514
Calculate the greatest common divisor of 29948 and 4.
4
What is the greatest common divisor of 12 and 249141?
3
Calculate the highest common divisor of 77062 and 848.
106
Calculate the highest common divisor of 40 and 730920.
40
Calculate the highest common factor of 765206 and 1482.
494
Calculate the highest common factor of 3150 and 53725.
175
Calculate the greatest common factor of 9548 and 29183.
77
Calculate the greatest common divisor of 50794 and 3706.
218
What is the greatest common divisor of 7094 and 2?
2
What is the highest common divisor of 21364 and 872?
436
What is the greatest common factor of 174 and 43500?
174
What is the greatest common factor of 2697 and 28797?
87
Calculate the greatest common divisor of 1466552 and 40.
8
What is the highest common factor of 635612 and 655?
131
Calculate the highest common factor of 284 and 71923.
71
What is the highest common factor of 167569 and 17?
17
Calculate the greatest common divisor of 39424 and 77.
77
Calculate the highest common factor of 62 and 6907420.
62
What is the greatest common factor of 10507 and 665?
133
Calculate the highest common factor of 6013 and 28.
7
What is the greatest common factor of 7190752 and 8?
8
Calculate the highest common divisor of 69644 and 10028.
92
Calculate the greatest common factor of 9472 and 2960.
592
Calculate the highest common divisor of 45532 and 20.
4
Calculate the highest common divisor of 303439 and 3239.
79
What is the greatest common divisor of 451080 and 126?
126
Calculate the highest common divisor of 403 and 4121.
13
What is the greatest common factor of 10341 and 134816?
383
Calculate the highest common factor of 16732 and 1424.
356
Calculate the greatest common factor of 28518 and 70.
14
Calculate the highest common factor of 10737 and 2061.
9
Calculate the highest common factor of 2250 and 1990.
10
What is the highest common factor of 55965 and 2100?
105
Calculate the greatest common divisor of 49994 and 14.
14
What is the greatest common factor of 3746 and 2?
2
Calculate the highest common divisor of 7656 and 4224.
264
What is the greatest common factor of 551 and 1123489?
551
What is the greatest common divisor of 5330 and 10010?
130
Calculate the highest common divisor of 4977 and 11060.
553
Calculate the highest common divisor of 1806 and 7998.
258
What is the highest common divisor of 17 and 89454?
17
What is the highest common divisor of 144 and 1616?
16
What is the highest common factor of 17 and 194769?
17
Calculate the greatest common factor of 767 and 13676.
13
What is the highest common divisor of 27286 a